5. What is the units digit of k?
3
Let w(d) = d**2 + 8 + 0*d**2 - 5*d + 15*d. Let u be w(-9). Let g = 3 + u. What is the units digit of g?
2
Suppose 3*j - 290 = j. What is the units digit of j?
5
Suppose -6*d + 3*d = 0. Suppose d = 3*l - l - 4. Suppose l = m - 3*a + 2*a, 0 = -5*m - a + 28. What is the units digit of m?
5
Let c(j) = -j**2 - 15*j - 12. Let v be c(-12). Suppose 0*d - 2*d = -v. What is the tens digit of d?
1
Let p be (-4)/6 - (-142)/6. Suppose -2*j + p = 5*g, 4*g - j - 14 = -6. Let u = g + 2. What is the units digit of u?
5
Suppose 4*q - 5*q + 22 = 0. What is the tens digit of q?
2
Suppose 4*k + 20 = 0, k - 30 = -5*o + 5*k. Let v be (-1)/o - (-4)/8. Suppose v = -4*d + 32 + 60. What is the tens digit of d?
2
Suppose b + 3*d = 0, 0*d = 2*b - 5*d. Suppose 0 = 4*l - 12, -4*m - 5*l + 13 = -14. Suppose -5*i - 9 = m*g, b = -3*g + 2*i + 9 + 3. What is the units digit of g?
2
Suppose -2*b + 15 = -b. What is the tens digit of b/5 + 9/1?
1
Let f(y) = y**2 + 2*y - 13. What is the tens digit of f(7)?
5
Let a = -33 - -53. What is the units digit of a?
0
What is the tens digit of 1309/44 + (-3)/4?
2
Let y(r) = -2*r**2 + 40*r - 15. What is the hundreds digit of y(13)?
1
Let s = 1000 + -696. What is the hundreds digit of s?
3
Suppose -4*n + 13*n - 1224 = 0. What is the tens digit of n?
3
Suppose 49 - 1189 = -6*g. What is the hundreds digit of g?
1
Suppose 2*c + 18 = -5*j, -2*c - 4*j + 12 = -7*c. Let d(y) = -y**3 - 6*y**2 + y - 2. Let g be d(-6). What is the tens digit of (-54)/c + (-4)/g?
1
Let d be 9*-1*(-2)/6. Suppose -d*q + 1 = -5*t + 12, 3 = 5*q - 3*t. Suppose q*y = -3*r + 15, r = 4*y - 0*r - 25. What is the units digit of y?
6
Suppose y = -4*y + 145. What is the units digit of y?
9
Let o = 113 + -81. What is the units digit of o?
2
Let i(x) = 6 - 5*x**2 - 4 + 6*x**2 + 3*x. What is the units digit of i(-4)?
6
Suppose 0 = -8*v + 3*v + 60. Suppose 0 = -3*f + v + 3. What is the tens digit of (4 - f) + 32/2?
1
Let p(y) = 15*y**3 + y**2 + 6*y - 5. What is the hundreds digit of p(2)?
1
Suppose 2*j = -4*a + 22, 3*a - 16 = -a. Suppose j*d + 1 = 4*d, 3*u + d - 19 = 0. What is the units digit of u?
6
Let k(n) = n**2 - 6*n - 5. Let f be k(7). Suppose -f*j + 8 = 0, h = -h - 4*j + 18. What is the units digit of h?
1
Suppose -25 - 11 = f. Let u = -1 - f. What is the tens digit of u?
3
Let b = 12 - -13. What is the units digit of b?
5
Suppose 5*z + 10 - 150 = 0. Let n = 42 - z. What is the tens digit of n?
1
Suppose 3*a + 5*h = 13, -a - 2*a = 2*h + 2. Let s be 2 + 2/a*0. Suppose -s*b = 10 - 40. What is the tens digit of b?
1
Suppose -1 = -4*h + 7. Suppose h*p - 40 = -2*p. What is the units digit of p?
0
Let y be -2 + (-6)/(-1) + -3. Suppose -5 = t - 2*v, 7 = 2*v + y. What is the units digit of t?
1
Let v = -28 - -7. Let o be v/2*(-16)/6. Suppose l + 3*l - o = 0. What is the units digit of l?
7
Let g(f) = 7*f**2 - f + 8. Let a(k) = -8*k**2 - 9. Let m(j) = 6*a(j) + 7*g(j). What is the units digit of m(7)?
2
Suppose -4*i + 12 = -2*i. What is the units digit of i?
6
Suppose 2*y = -t - 0*t + 201, 2*y - 5*t = 183. Suppose 8*j - 5*j + y = 0. What is the units digit of j/2*2/(-3)?
1
Suppose -s - 14 = -41. What is the tens digit of s?
2
What is the tens digit of (-6)/3*(-15 + 3)?
2
Let n(y) = 7*y**2 + 3*y - 2. What is the units digit of n(2)?
2
Let t(z) = 2*z**2 + 12*z + 18. What is the tens digit of t(-8)?
5
Suppose -2*o + 11 = -5*h + 2*h, 3*h - 3 = 0. What is the units digit of o?
7
Let o be 18/(-27)*(-9)/2. Suppose -19 = -o*k + 41. What is the units digit of k?
0
Let z = 166 + -100. What is the tens digit of z?
6
Suppose 4*s - 5*s = -6. Let l = 9 - s. What is the units digit of l?
3
Let k(z) be the first derivative of 1/2*z**2 + 3 - 3*z. What is the units digit of k(10)?
7
Let q = 10 + -1. Let k = 13 - q. What is the units digit of k?
4
Suppose -9 = -u + 3*w, 0 = -2*u - 4*w - 12 - 0. Suppose 4*a - 6*a + 12 = u. What is the units digit of a?
6
Let i = 0 + 4. What is the units digit of i?
4
Let l(n) = -2*n**3 + n**2. Let t be l(-1). Let s(k) = -k**2 - 3 + 2*k**2 - 3 + 3. What is the units digit of s(t)?
6
Let y(a) = 2*a - 5. Let f be y(4). Suppose 5 = f*c + 5*k - 4*k, c + 5*k = 11. What is the units digit of 7 - c*(-2 + 1)?
8
Let i(w) = w**3 - 4*w**2 - 2*w + 2. Let a be i(4). Let x(c) = -c**2 - 6*c + 2. Let g be x(a). Let p = 3 - g. What is the units digit of p?
1
Let d = 40 - -43. What is the tens digit of d?
8
Suppose -4*s = -5*s + 1. Suppose -s = -4*u - 9. What is the units digit of (-320)/(-18) + u/(-9)?
8
Suppose 0 = 4*m + 4, 5*j + 0*j - 5*m - 225 = 0. Let p be j/10 + 6/(-15). Suppose -p*h + 2*h + 24 = 0. What is the units digit of h?
2
Suppose 0 = -x - 11 - 10. Let a = x + 34. What is the units digit of a?
3
Let q(f) = f + 4. Let w be q(-4). Let s(c) = -c**3 + c**2 + c + 18. What is the tens digit of s(w)?
1
Let j be 6/(-21) + (-360)/14. Let d = j - -47. What is the units digit of d?
1
Let f(q) be the third derivative of q**6/120 + q**5/10 - q**3/6 - q**2. What is the tens digit of f(-5)?
2
Suppose -4*y + 2 = -0*y - 2*k, 0 = 2*y - 5*k + 11. Suppose y*p - 18 = -0*p. What is the units digit of p?
9
Suppose u + 3*y = 97, y - 74 = -2*u + 95. Suppose 4*r - u = -30. What is the tens digit of r?
1
Suppose -2*p + 24 = 2*p. What is the units digit of p?
6
Suppose 34 - 94 = -n. What is the units digit of n?
0
Let b be 2/(-9) + (-685)/(-45). Let q = 3 + b. What is the units digit of q?
8
Let w(o) = o**3 + 3*o**2 - 6*o - 3. Let y be w(-4). Suppose 5 = -0*t + 2*t + y*h, -5*h + 5 = -5*t. Suppose t = 3*a - a - 16. What is the units digit of a?
8
Let a = -8 + 6. Let o be (-1 - 0)/(a/22). Suppose -2*f = -f - o. What is the tens digit of f?
1
Suppose -2*k - 2 = -4. Let d = 0 + k. What is the units digit of (1 + 0)/d*5?
5
Let g(c) = c**2 - 5*c + 6. Let j be g(4). Suppose -2*m - 10 = -3*u, -3*m = -j*u - 0*u. What is the units digit of (-45)/u*18/(-15)?
9
Let k = 97 - 43. What is the tens digit of k?
5
Let z = -2 + -4. What is the tens digit of 4/3*(-45)/z?
1
Let o = 9 - 6. Suppose -o*y + 12 = 3*u - 4*y, 0 = 3*u - 5*y - 12. Suppose 4*i - 5*d = 4, -u*i + 5 = i - 2*d. What is the units digit of i?
1
Suppose 0 = -4*q - 2*t + 39 + 107, -4*t + 82 = 2*q. What is the units digit of q?
5
Suppose f - 301 = -56. What is the tens digit of f?
4
Suppose 4*f = 6 + 10. Let v(o) = o**2 - 4. What is the units digit of v(f)?
2
Let g(h) = h**3 + 4*h**2 + h - 4. Let k be g(-3). Let q be 1*k + 0/(-7). What is the units digit of (-1 + 2)*(q - -2)?
4
Let u = -14 - -7. Let o = -5 - u. What is the units digit of o?
2
Suppose -2*r + 86 = -2*x, -r + 3*x + 55 - 4 = 0. What is the tens digit of r?
3
Let z = -5 - -23. Suppose -2*y - z = -5*y. What is the units digit of y?
6
Suppose 3*q + 4*m = m + 12, 0 = 5*q - 4*m - 29. Suppose 3*c - 3 = 3*z + c, 4*c - 17 = -q*z. What is the units digit of z?
1
Let j(z) = 2*z**2 + 8*z - 7. Let q be j(-7). Suppose 3*s - 3*v - 80 + q = 0, -s = -2*v - 11. What is the tens digit of s?
1
Suppose 0 = 5*n + l - 8, -8 - 3 = n - 4*l. What is the units digit of 0 + (-12)/(-4) + n?
4
Suppose -z - 59 = 4*l - 1217, 0 = 2*l + 3*z - 574. What is the tens digit of l?
9
Let z = -40 - -77. What is the tens digit of z?
3
Let t = 31 - 0. What is the units digit of t?
1
Suppose 9*l + 5*l = 1960. What is the tens digit of l?
4
Suppose -2*k + 3*c = -20, -c + 3 + 2 = k. Suppose 0 = n - k. What is the units digit of n?
7
Suppose 4*j - 35 = 3*w + 24, j = 3*w + 44. Let p = -1 + -9. Let t = p - w. What is the units digit of t?
3
Let y(k) = 31*k. Let j be y(2). Let v = j - 13. Let z = v - 33. What is the units digit of z?
6
Let g(m) = m**3 - 7*m**2 + m + 8. Let z be g(7). Let o(t) = -3*t - 1. Let l be o(1). Let c = l + z. What is the tens digit of c?
1
Let n be (-40)/(-12)*3/2. Let z be -3*n*(-4)/(-10). What is the tens digit of ((-102)/(-9))/((-4)/z)?
1
Let d(s) = -2*s - 7. Let r be d(-7). Suppose -2*x - 35 = -r*x. What is the units digit of x?
7
Suppose -g - 125 = -0*b - b, 4*b - 510 = -g. What is the units digit of b?
7
Suppose -v - 9 = -2*v - l, -3*l + 23 = 2*v. Suppose a + 14 - 3 = 4*s, 20 = v*s. What is the units digit of a?
9
Let q = -520 + 788. What is the hundreds digit of q?
2
Suppose -s + 1 = -9. What is the units digit of (-4)/(-10) - (-76)/s?
8
Let c = -298 - -496. What is the hundreds 